{"id":36,"date":"2019-04-26T09:52:54","date_gmt":"2019-04-26T07:52:54","guid":{"rendered":"http:\/\/itv.conselldeivissa.es\/cita\/"},"modified":"2023-11-23T10:25:53","modified_gmt":"2023-11-23T09:25:53","slug":"cita-previa-itv-eivissa","status":"publish","type":"page","link":"http:\/\/itv.conselldeivissa.es\/ca\/cita-previa-itv-eivissa\/","title":{"rendered":"Cita"},"content":{"rendered":"\n<style type=\"text\/css\" data-created_by=\"avia_inline_auto\" id=\"style-css-av-k5ms9nsa-5fb6575cfa391701a385d3b6ee37a91a\">\n.avia-section.av-k5ms9nsa-5fb6575cfa391701a385d3b6ee37a91a{\nbackground-repeat:no-repeat;\nbackground-image:url(http:\/\/itv.conselldeivissa.es\/wp-content\/uploads\/fondocita01.jpg);\nbackground-position:50% 50%;\nbackground-attachment:scroll;\n}\n<\/style>\n<div id='av_section_1'  class='avia-section av-k5ms9nsa-5fb6575cfa391701a385d3b6ee37a91a main_color avia-section-default avia-no-border-styling  avia-builder-el-0  el_before_av_codeblock  avia-builder-el-first  portada avia-bg-style-scroll av-minimum-height av-minimum-height-custom av-height-custom  container_wrap sidebar_right'  data-section-bg-repeat='no-repeat' data-av_minimum_height_px='400'><div class='container av-section-cont-open' style='height:400px'><main  role=\"main\" itemprop=\"mainContentOfPage\"  class='template-page content  av-content-small alpha units'><div class='post-entry post-entry-type-page post-entry-36'><div class='entry-content-wrapper clearfix'>\n\n<style type=\"text\/css\" data-created_by=\"avia_inline_auto\" id=\"style-css-av-120bc-032a9aa0168b8c3c390ad48cf329f1db\">\n#top .av-special-heading.av-120bc-032a9aa0168b8c3c390ad48cf329f1db{\npadding-bottom:50px;\n}\nbody .av-special-heading.av-120bc-032a9aa0168b8c3c390ad48cf329f1db .av-special-heading-tag .heading-char{\nfont-size:25px;\n}\n.av-special-heading.av-120bc-032a9aa0168b8c3c390ad48cf329f1db .av-subheading{\nfont-size:15px;\n}\n<\/style>\n<div  class='av-special-heading av-120bc-032a9aa0168b8c3c390ad48cf329f1db av-special-heading-h1 blockquote modern-quote  avia-builder-el-1  avia-builder-el-no-sibling  av-linked-heading'><h1 class='av-special-heading-tag '  itemprop=\"headline\"  >Cita pr\u00e8via ITV<\/h1><div class=\"special-heading-border\"><div class=\"special-heading-inner-border\"><\/div><\/div><\/div>\n<\/div><\/div><\/main><!-- close content main element --><\/div><\/div><div id='after_section_1'  class='main_color av_default_container_wrap container_wrap sidebar_right'  ><div class='container av-section-cont-open' ><div class='template-page content  av-content-small alpha units'><div class='post-entry post-entry-type-page post-entry-36'><div class='entry-content-wrapper clearfix'>\n\n","protected":false},"excerpt":{"rendered":"","protected":false},"author":1,"featured_media":0,"parent":0,"menu_order":0,"comment_status":"closed","ping_status":"closed","template":"","meta":{"footnotes":""},"class_list":["post-36","page","type-page","status-publish","hentry"],"yoast_head":"<!-- This site is optimized with the Yoast SEO plugin v27.2 - https:\/\/yoast.com\/product\/yoast-seo-wordpress\/ -->\n<title>Cita pr\u00e8via ITV Eivissa - Cita previa ITV | Consell d&#039;Eivissa<\/title>\n<meta name=\"description\" content=\"Sol\u00b7licita la teva cita pr\u00e8via per la Inspecci\u00f3 T\u00e8cnica de Vehicles ITV a Eivissa. Amb molt pocs clics podr\u00e0s passar-ITV sense esperes, c\u00f2mode i f\u00e0cil.\" \/>\n<meta name=\"robots\" content=\"index, follow, max-snippet:-1, max-image-preview:large, max-video-preview:-1\" \/>\n<link rel=\"canonical\" href=\"http:\/\/itv.conselldeivissa.es\/ca\/cita-previa-itv-eivissa\/\" \/>\n<meta property=\"og:locale\" content=\"ca_ES\" \/>\n<meta property=\"og:type\" content=\"article\" \/>\n<meta property=\"og:title\" content=\"Cita pr\u00e8via ITV Eivissa - Cita previa ITV | Consell d&#039;Eivissa\" \/>\n<meta property=\"og:description\" content=\"Sol\u00b7licita la teva cita pr\u00e8via per la Inspecci\u00f3 T\u00e8cnica de Vehicles ITV a Eivissa. Amb molt pocs clics podr\u00e0s passar-ITV sense esperes, c\u00f2mode i f\u00e0cil.\" \/>\n<meta property=\"og:url\" content=\"http:\/\/itv.conselldeivissa.es\/ca\/cita-previa-itv-eivissa\/\" \/>\n<meta property=\"og:site_name\" content=\"Cita previa ITV | Consell d&#039;Eivissa\" \/>\n<meta property=\"article:modified_time\" content=\"2023-11-23T09:25:53+00:00\" \/>\n<meta property=\"og:image\" content=\"https:\/\/itv.conselldeivissa.es\/wp-content\/uploads\/creditcard.png\" \/>\n<meta name=\"twitter:card\" content=\"summary_large_image\" \/>\n<meta name=\"twitter:label1\" content=\"Est. reading time\" \/>\n\t<meta name=\"twitter:data1\" content=\"15 minutes\" \/>\n<script type=\"application\/ld+json\" class=\"yoast-schema-graph\">{\"@context\":\"https:\/\/schema.org\",\"@graph\":[{\"@type\":\"WebPage\",\"@id\":\"http:\/\/itv.conselldeivissa.es\/ca\/cita-previa-itv-eivissa\/\",\"url\":\"http:\/\/itv.conselldeivissa.es\/ca\/cita-previa-itv-eivissa\/\",\"name\":\"Cita pr\u00e8via ITV Eivissa - Cita previa ITV | Consell d&#039;Eivissa\",\"isPartOf\":{\"@id\":\"https:\/\/itv.conselldeivissa.es\/ca\/#website\"},\"primaryImageOfPage\":{\"@id\":\"http:\/\/itv.conselldeivissa.es\/ca\/cita-previa-itv-eivissa\/#primaryimage\"},\"image\":{\"@id\":\"http:\/\/itv.conselldeivissa.es\/ca\/cita-previa-itv-eivissa\/#primaryimage\"},\"thumbnailUrl\":\"https:\/\/itv.conselldeivissa.es\/wp-content\/uploads\/creditcard.png\",\"datePublished\":\"2019-04-26T07:52:54+00:00\",\"dateModified\":\"2023-11-23T09:25:53+00:00\",\"description\":\"Sol\u00b7licita la teva cita pr\u00e8via per la Inspecci\u00f3 T\u00e8cnica de Vehicles ITV a Eivissa. Amb molt pocs clics podr\u00e0s passar-ITV sense esperes, c\u00f2mode i f\u00e0cil.\",\"breadcrumb\":{\"@id\":\"http:\/\/itv.conselldeivissa.es\/ca\/cita-previa-itv-eivissa\/#breadcrumb\"},\"inLanguage\":\"ca-ES\",\"potentialAction\":[{\"@type\":\"ReadAction\",\"target\":[\"http:\/\/itv.conselldeivissa.es\/ca\/cita-previa-itv-eivissa\/\"]}]},{\"@type\":\"ImageObject\",\"inLanguage\":\"ca-ES\",\"@id\":\"http:\/\/itv.conselldeivissa.es\/ca\/cita-previa-itv-eivissa\/#primaryimage\",\"url\":\"https:\/\/itv.conselldeivissa.es\/wp-content\/uploads\/creditcard.png\",\"contentUrl\":\"https:\/\/itv.conselldeivissa.es\/wp-content\/uploads\/creditcard.png\"},{\"@type\":\"BreadcrumbList\",\"@id\":\"http:\/\/itv.conselldeivissa.es\/ca\/cita-previa-itv-eivissa\/#breadcrumb\",\"itemListElement\":[{\"@type\":\"ListItem\",\"position\":1,\"name\":\"Portada\",\"item\":\"http:\/\/itv.conselldeivissa.es\/ca\/\"},{\"@type\":\"ListItem\",\"position\":2,\"name\":\"Cita\"}]},{\"@type\":\"WebSite\",\"@id\":\"https:\/\/itv.conselldeivissa.es\/ca\/#website\",\"url\":\"https:\/\/itv.conselldeivissa.es\/ca\/\",\"name\":\"Cita previa ITV | Consell d&#039;Eivissa\",\"description\":\"Inspecci\u00f3 T\u00e8cnica de Vehicles a Eivissa\",\"potentialAction\":[{\"@type\":\"SearchAction\",\"target\":{\"@type\":\"EntryPoint\",\"urlTemplate\":\"https:\/\/itv.conselldeivissa.es\/ca\/?s={search_term_string}\"},\"query-input\":{\"@type\":\"PropertyValueSpecification\",\"valueRequired\":true,\"valueName\":\"search_term_string\"}}],\"inLanguage\":\"ca-ES\"}]}<\/script>\n<!-- \/ Yoast SEO plugin. -->","yoast_head_json":{"title":"Cita pr\u00e8via ITV Eivissa - Cita previa ITV | Consell d&#039;Eivissa","description":"Sol\u00b7licita la teva cita pr\u00e8via per la Inspecci\u00f3 T\u00e8cnica de Vehicles ITV a Eivissa. Amb molt pocs clics podr\u00e0s passar-ITV sense esperes, c\u00f2mode i f\u00e0cil.","robots":{"index":"index","follow":"follow","max-snippet":"max-snippet:-1","max-image-preview":"max-image-preview:large","max-video-preview":"max-video-preview:-1"},"canonical":"http:\/\/itv.conselldeivissa.es\/ca\/cita-previa-itv-eivissa\/","og_locale":"ca_ES","og_type":"article","og_title":"Cita pr\u00e8via ITV Eivissa - Cita previa ITV | Consell d&#039;Eivissa","og_description":"Sol\u00b7licita la teva cita pr\u00e8via per la Inspecci\u00f3 T\u00e8cnica de Vehicles ITV a Eivissa. Amb molt pocs clics podr\u00e0s passar-ITV sense esperes, c\u00f2mode i f\u00e0cil.","og_url":"http:\/\/itv.conselldeivissa.es\/ca\/cita-previa-itv-eivissa\/","og_site_name":"Cita previa ITV | Consell d&#039;Eivissa","article_modified_time":"2023-11-23T09:25:53+00:00","og_image":[{"url":"https:\/\/itv.conselldeivissa.es\/wp-content\/uploads\/creditcard.png","type":"","width":"","height":""}],"twitter_card":"summary_large_image","twitter_misc":{"Est. reading time":"15 minutes"},"schema":{"@context":"https:\/\/schema.org","@graph":[{"@type":"WebPage","@id":"http:\/\/itv.conselldeivissa.es\/ca\/cita-previa-itv-eivissa\/","url":"http:\/\/itv.conselldeivissa.es\/ca\/cita-previa-itv-eivissa\/","name":"Cita pr\u00e8via ITV Eivissa - Cita previa ITV | Consell d&#039;Eivissa","isPartOf":{"@id":"https:\/\/itv.conselldeivissa.es\/ca\/#website"},"primaryImageOfPage":{"@id":"http:\/\/itv.conselldeivissa.es\/ca\/cita-previa-itv-eivissa\/#primaryimage"},"image":{"@id":"http:\/\/itv.conselldeivissa.es\/ca\/cita-previa-itv-eivissa\/#primaryimage"},"thumbnailUrl":"https:\/\/itv.conselldeivissa.es\/wp-content\/uploads\/creditcard.png","datePublished":"2019-04-26T07:52:54+00:00","dateModified":"2023-11-23T09:25:53+00:00","description":"Sol\u00b7licita la teva cita pr\u00e8via per la Inspecci\u00f3 T\u00e8cnica de Vehicles ITV a Eivissa. Amb molt pocs clics podr\u00e0s passar-ITV sense esperes, c\u00f2mode i f\u00e0cil.","breadcrumb":{"@id":"http:\/\/itv.conselldeivissa.es\/ca\/cita-previa-itv-eivissa\/#breadcrumb"},"inLanguage":"ca-ES","potentialAction":[{"@type":"ReadAction","target":["http:\/\/itv.conselldeivissa.es\/ca\/cita-previa-itv-eivissa\/"]}]},{"@type":"ImageObject","inLanguage":"ca-ES","@id":"http:\/\/itv.conselldeivissa.es\/ca\/cita-previa-itv-eivissa\/#primaryimage","url":"https:\/\/itv.conselldeivissa.es\/wp-content\/uploads\/creditcard.png","contentUrl":"https:\/\/itv.conselldeivissa.es\/wp-content\/uploads\/creditcard.png"},{"@type":"BreadcrumbList","@id":"http:\/\/itv.conselldeivissa.es\/ca\/cita-previa-itv-eivissa\/#breadcrumb","itemListElement":[{"@type":"ListItem","position":1,"name":"Portada","item":"http:\/\/itv.conselldeivissa.es\/ca\/"},{"@type":"ListItem","position":2,"name":"Cita"}]},{"@type":"WebSite","@id":"https:\/\/itv.conselldeivissa.es\/ca\/#website","url":"https:\/\/itv.conselldeivissa.es\/ca\/","name":"Cita previa ITV | Consell d&#039;Eivissa","description":"Inspecci\u00f3 T\u00e8cnica de Vehicles a Eivissa","potentialAction":[{"@type":"SearchAction","target":{"@type":"EntryPoint","urlTemplate":"https:\/\/itv.conselldeivissa.es\/ca\/?s={search_term_string}"},"query-input":{"@type":"PropertyValueSpecification","valueRequired":true,"valueName":"search_term_string"}}],"inLanguage":"ca-ES"}]}},"_links":{"self":[{"href":"http:\/\/itv.conselldeivissa.es\/ca\/wp-json\/wp\/v2\/pages\/36","targetHints":{"allow":["GET"]}}],"collection":[{"href":"http:\/\/itv.conselldeivissa.es\/ca\/wp-json\/wp\/v2\/pages"}],"about":[{"href":"http:\/\/itv.conselldeivissa.es\/ca\/wp-json\/wp\/v2\/types\/page"}],"author":[{"embeddable":true,"href":"http:\/\/itv.conselldeivissa.es\/ca\/wp-json\/wp\/v2\/users\/1"}],"replies":[{"embeddable":true,"href":"http:\/\/itv.conselldeivissa.es\/ca\/wp-json\/wp\/v2\/comments?post=36"}],"version-history":[{"count":19,"href":"http:\/\/itv.conselldeivissa.es\/ca\/wp-json\/wp\/v2\/pages\/36\/revisions"}],"predecessor-version":[{"id":1112,"href":"http:\/\/itv.conselldeivissa.es\/ca\/wp-json\/wp\/v2\/pages\/36\/revisions\/1112"}],"wp:attachment":[{"href":"http:\/\/itv.conselldeivissa.es\/ca\/wp-json\/wp\/v2\/media?parent=36"}],"curies":[{"name":"wp","href":"https:\/\/api.w.org\/{rel}","templated":true}]}}

<style type="text/css" data-created_by="avia_inline_auto" id="style-css-av-k5ms9nsa-5fb6575cfa391701a385d3b6ee37a91a">
.avia-section.av-k5ms9nsa-5fb6575cfa391701a385d3b6ee37a91a{
background-repeat:no-repeat;
background-image:url(http://itv.conselldeivissa.es/wp-content/uploads/fondocita01.jpg);
background-position:50% 50%;
background-attachment:scroll;
}
</style>
<div id='av_section_1'  class='avia-section av-k5ms9nsa-5fb6575cfa391701a385d3b6ee37a91a main_color avia-section-default avia-no-border-styling  avia-builder-el-0  el_before_av_codeblock  avia-builder-el-first  portada avia-bg-style-scroll av-minimum-height av-minimum-height-custom av-height-custom  container_wrap sidebar_right'  data-section-bg-repeat='no-repeat' data-av_minimum_height_px='400'><div class='container av-section-cont-open' style='height:400px'><main  role="main" itemprop="mainContentOfPage"  class='template-page content  av-content-small alpha units'><div class='post-entry post-entry-type-page post-entry-36'><div class='entry-content-wrapper clearfix'>

<style type="text/css" data-created_by="avia_inline_auto" id="style-css-av-120bc-032a9aa0168b8c3c390ad48cf329f1db">
#top .av-special-heading.av-120bc-032a9aa0168b8c3c390ad48cf329f1db{
padding-bottom:50px;
}
body .av-special-heading.av-120bc-032a9aa0168b8c3c390ad48cf329f1db .av-special-heading-tag .heading-char{
font-size:25px;
}
.av-special-heading.av-120bc-032a9aa0168b8c3c390ad48cf329f1db .av-subheading{
font-size:15px;
}
</style>
<div  class='av-special-heading av-120bc-032a9aa0168b8c3c390ad48cf329f1db av-special-heading-h1 blockquote modern-quote  avia-builder-el-1  avia-builder-el-no-sibling  av-linked-heading'><h1 class='av-special-heading-tag '  itemprop="headline"  >Cita prèvia ITV</h1><div class="special-heading-border"><div class="special-heading-inner-border"></div></div></div>
</div></div></main><!-- close content main element --></div></div><div id='after_section_1'  class='main_color av_default_container_wrap container_wrap sidebar_right'  ><div class='container av-section-cont-open' ><div class='template-page content  av-content-small alpha units'><div class='post-entry post-entry-type-page post-entry-36'><div class='entry-content-wrapper clearfix'>

<!-- This site is optimized with the Yoast SEO plugin v27.2 - https://yoast.com/product/yoast-seo-wordpress/ -->
<title>Cita prèvia ITV Eivissa - Cita previa ITV | Consell d&#039;Eivissa</title>
<meta name="description" content="Sol·licita la teva cita prèvia per la Inspecció Tècnica de Vehicles ITV a Eivissa. Amb molt pocs clics podràs passar-ITV sense esperes, còmode i fàcil." />
<meta name="robots" content="index, follow, max-snippet:-1, max-image-preview:large, max-video-preview:-1" />
<link rel="canonical" href="http://itv.conselldeivissa.es/ca/cita-previa-itv-eivissa/" />
<meta property="og:locale" content="ca_ES" />
<meta property="og:type" content="article" />
<meta property="og:title" content="Cita prèvia ITV Eivissa - Cita previa ITV | Consell d&#039;Eivissa" />
<meta property="og:description" content="Sol·licita la teva cita prèvia per la Inspecció Tècnica de Vehicles ITV a Eivissa. Amb molt pocs clics podràs passar-ITV sense esperes, còmode i fàcil." />
<meta property="og:url" content="http://itv.conselldeivissa.es/ca/cita-previa-itv-eivissa/" />
<meta property="og:site_name" content="Cita previa ITV | Consell d&#039;Eivissa" />
<meta property="article:modified_time" content="2023-11-23T09:25:53+00:00" />
<meta property="og:image" content="https://itv.conselldeivissa.es/wp-content/uploads/creditcard.png" />
<meta name="twitter:card" content="summary_large_image" />
<meta name="twitter:label1" content="Est. reading time" />
	<meta name="twitter:data1" content="15 minutes" />
<script type="application/ld+json" class="yoast-schema-graph">{"@context":"https://schema.org","@graph":[{"@type":"WebPage","@id":"http://itv.conselldeivissa.es/ca/cita-previa-itv-eivissa/","url":"http://itv.conselldeivissa.es/ca/cita-previa-itv-eivissa/","name":"Cita prèvia ITV Eivissa - Cita previa ITV | Consell d&#039;Eivissa","isPartOf":{"@id":"https://itv.conselldeivissa.es/ca/#website"},"primaryImageOfPage":{"@id":"http://itv.conselldeivissa.es/ca/cita-previa-itv-eivissa/#primaryimage"},"image":{"@id":"http://itv.conselldeivissa.es/ca/cita-previa-itv-eivissa/#primaryimage"},"thumbnailUrl":"https://itv.conselldeivissa.es/wp-content/uploads/creditcard.png","datePublished":"2019-04-26T07:52:54+00:00","dateModified":"2023-11-23T09:25:53+00:00","description":"Sol·licita la teva cita prèvia per la Inspecció Tècnica de Vehicles ITV a Eivissa. Amb molt pocs clics podràs passar-ITV sense esperes, còmode i fàcil.","breadcrumb":{"@id":"http://itv.conselldeivissa.es/ca/cita-previa-itv-eivissa/#breadcrumb"},"inLanguage":"ca-ES","potentialAction":[{"@type":"ReadAction","target":["http://itv.conselldeivissa.es/ca/cita-previa-itv-eivissa/"]}]},{"@type":"ImageObject","inLanguage":"ca-ES","@id":"http://itv.conselldeivissa.es/ca/cita-previa-itv-eivissa/#primaryimage","url":"https://itv.conselldeivissa.es/wp-content/uploads/creditcard.png","contentUrl":"https://itv.conselldeivissa.es/wp-content/uploads/creditcard.png"},{"@type":"BreadcrumbList","@id":"http://itv.conselldeivissa.es/ca/cita-previa-itv-eivissa/#breadcrumb","itemListElement":[{"@type":"ListItem","position":1,"name":"Portada","item":"http://itv.conselldeivissa.es/ca/"},{"@type":"ListItem","position":2,"name":"Cita"}]},{"@type":"WebSite","@id":"https://itv.conselldeivissa.es/ca/#website","url":"https://itv.conselldeivissa.es/ca/","name":"Cita previa ITV | Consell d&#039;Eivissa","description":"Inspecció Tècnica de Vehicles a Eivissa","potentialAction":[{"@type":"SearchAction","target":{"@type":"EntryPoint","urlTemplate":"https://itv.conselldeivissa.es/ca/?s={search_term_string}"},"query-input":{"@type":"PropertyValueSpecification","valueRequired":true,"valueName":"search_term_string"}}],"inLanguage":"ca-ES"}]}</script>
<!-- / Yoast SEO plugin. -->

Cita prèvia ITV Eivissa - Cita previa ITV | Consell d&#039;Eivissa

Sol·licita la teva cita prèvia per la Inspecció Tècnica de Vehicles ITV a Eivissa. Amb molt pocs clics podràs passar-ITV sense esperes, còmode i fàcil.

Inspecció Tècnica de Vehicles a Eivissa
