{"id":725,"date":"2020-05-24T12:54:55","date_gmt":"2020-05-24T10:54:55","guid":{"rendered":"http:\/\/itv.conselldeivissa.es\/?page_id=725"},"modified":"2020-05-25T11:54:33","modified_gmt":"2020-05-25T09:54:33","slug":"nota-informativa","status":"publish","type":"page","link":"http:\/\/itv.conselldeivissa.es\/ca\/nota-informativa\/","title":{"rendered":"Nota informativa"},"content":{"rendered":"\n<style type=\"text\/css\" data-created_by=\"avia_inline_auto\" id=\"style-css-av-k5o81hgq-f9f939eddcb0cc8692770aa7cb3c18ff\">\n.avia-section.av-k5o81hgq-f9f939eddcb0cc8692770aa7cb3c18ff{\nbackground-repeat:no-repeat;\nbackground-image:url(http:\/\/itv.conselldeivissa.es\/wp-content\/uploads\/fondocita04.jpg);\nbackground-position:0% 0%;\nbackground-attachment:scroll;\n}\n<\/style>\n<div id='av_section_1'  class='avia-section av-k5o81hgq-f9f939eddcb0cc8692770aa7cb3c18ff main_color avia-section-default avia-no-border-styling  avia-builder-el-0  el_before_av_one_full  avia-builder-el-first  portada avia-bg-style-scroll av-minimum-height av-minimum-height-custom av-height-custom  container_wrap sidebar_right'  data-section-bg-repeat='no-repeat' data-av_minimum_height_px='400'><div class='container av-section-cont-open' style='height:400px'><main  role=\"main\" itemprop=\"mainContentOfPage\"  class='template-page content  av-content-small alpha units'><div class='post-entry post-entry-type-page post-entry-725'><div class='entry-content-wrapper clearfix'>\n<style type=\"text\/css\" data-created_by=\"avia_inline_auto\" id=\"style-css-av-ka2bqoo2-4aedf436466450d15de750a8ed45bc23\">\n#top .av-special-heading.av-ka2bqoo2-4aedf436466450d15de750a8ed45bc23{\npadding-bottom:10px;\n}\nbody .av-special-heading.av-ka2bqoo2-4aedf436466450d15de750a8ed45bc23 .av-special-heading-tag .heading-char{\nfont-size:25px;\n}\n.av-special-heading.av-ka2bqoo2-4aedf436466450d15de750a8ed45bc23 .av-subheading{\nfont-size:15px;\n}\n<\/style>\n<div  class='av-special-heading av-ka2bqoo2-4aedf436466450d15de750a8ed45bc23 av-special-heading-h1 blockquote modern-quote  avia-builder-el-1  avia-builder-el-no-sibling  av-linked-heading'><h1 class='av-special-heading-tag '  itemprop=\"headline\"  >Nota informativa<\/h1><div class=\"special-heading-border\"><div class=\"special-heading-inner-border\"><\/div><\/div><\/div><\/div><\/div><\/main><!-- close content main element --><\/div><\/div><div id='after_section_1'  class='main_color av_default_container_wrap container_wrap sidebar_right'  ><div class='container av-section-cont-open' ><div class='template-page content  av-content-small alpha units'><div class='post-entry post-entry-type-page post-entry-725'><div class='entry-content-wrapper clearfix'>\n\n<style type=\"text\/css\" data-created_by=\"avia_inline_auto\" id=\"style-css-av-k5jj3hl3-7214b75b20bbe232ac52f3a734add476\">\n.flex_column.av-k5jj3hl3-7214b75b20bbe232ac52f3a734add476{\nborder-radius:0px 0px 0px 0px;\npadding:0px 0px 0px 0px;\n}\n<\/style>\n<div  class='flex_column av-k5jj3hl3-7214b75b20bbe232ac52f3a734add476 av_one_full  avia-builder-el-2  el_after_av_section  avia-builder-el-no-sibling  privacidad first flex_column_div av-zero-column-padding  '     ><section  class='av_textblock_section av-k5jizjej-fb21cc06a3f40db9499a51975d15eeab '   itemscope=\"itemscope\" itemtype=\"https:\/\/schema.org\/CreativeWork\" ><div class='avia_textblock'  itemprop=\"text\" ><blockquote>\n<p>En compliment Ordre SND \/ 399\/2020, DE 9 DE MAIG DE 2020, s&#8217;informa que a partir del dilluns 11 de maig el servei d&#8217;ITV torna a funcionar, <strong>exclusivament amb cita pr\u00e8via<\/strong>.<\/p>\n<\/blockquote>\n<div>\n<p>Els vehicles que estiguin pendents de passar una <strong>segona inspecci\u00f3<\/strong> disposaran d\u2019un termini de 2 mesos a partir de dilluns 11 de maig per passar-la i en compliment de l\u2019Ordre Ministerial de Sanitat, tamb\u00e9 requeriran de cita pr\u00e8via.<\/p>\n<\/div>\n<div>\n<p>S\u2019informa que per poder passar inspecci\u00f3 s\u2019haur\u00e0 de complir el seg\u00fcent <strong>protocol<\/strong>:<\/p>\n<\/div>\n<div>\n<ul>\n<li>M\u00e0xim una persona per vehicle.<\/li>\n<li>Control de temperatura a l\u2019entrada de l\u2019estaci\u00f3.<\/li>\n<li>Obligatori el \u00fas de <strong>mascareta<\/strong>.<\/li>\n<li>S\u2019haur\u00e0 de tenir a m\u00e0 document identificatiu, perm\u00eds de circulaci\u00f3 i fitxa t\u00e8cnica originals.<\/li>\n<li>Recomanable el pagament de taxes amb <strong>targeta de cr\u00e8dit<\/strong> 7 d\u00e9bit. Preferiblement <strong>contactless<\/strong>.<\/li>\n<li>Guardar dist\u00e0ncia de seguretat de 2 metres amb la resta d\u2019usuaris a l\u2019realitzar cua abans d\u2019entrar a les oficines i higienitzaci\u00f3 amb gel desinfectant.<\/li>\n<\/ul>\n<\/div>\n<div>\n<p>Segons l\u2019Ordre SND\/325\/2020, de 6 d\u2019abril es prorroga la validesa de les inspeccions obligat\u00f2ries que hagin caducat durant l\u2019estat d\u2019alarma:<\/p>\n<\/div>\n<div>\n<ul>\n<li>Setmana 1 (del 14 a 20 de mar\u00e7): 30 dies h\u00e0bils m\u00e9s 15 dies addicionals.<\/li>\n<li>Setmana 2 (del 21 a 27 de mar\u00e7): 30 dies h\u00e0bils m\u00e9s dos per\u00edodes de 15 dies.<\/li>\n<li>Setmana 3 (del 28 de mar\u00e7 a 3 d\u2019abril): 30 dies h\u00e0bils m\u00e9s tres per\u00edodes de 15 dies.<\/li>\n<li>Setmana \u2018n\u2019: 30 dies h\u00e0bils m\u00e9s \u2018n\u2019 per\u00edodes de 15 dies.<\/li>\n<\/ul>\n<\/div>\n<div>\n<p>Els anteriors per\u00edodes no s\u2019aplicaran a la validesa dels certificats d\u2019inspecci\u00f3 t\u00e8cnica peri\u00f2dica dels vehicles agr\u00edcoles destinats a labors en el camp, que ser\u00e0 prorrogada fins al 10 de novembre de 2020.<\/p>\n<\/div>\n<div>\n<p>Una vegada realitzades les inspeccions t\u00e8cniques peri\u00f2diques dels vehicles que els seus certificats hagin estat objecte de pr\u00f2rroga autom\u00e0tica, es prendr\u00e0 com a refer\u00e8ncia la data de validesa que consti en la targeta ITV i no computar\u00e0, en cap cas, la pr\u00f2rroga dels certificats concedida a conseq\u00fc\u00e8ncia de la declaraci\u00f3 de l\u2019estat d\u2019alarma i de les seves successives pr\u00f2rrogues.<\/p>\n<\/div>\n<\/div><\/section><\/div>\n","protected":false},"excerpt":{"rendered":"","protected":false},"author":1,"featured_media":0,"parent":0,"menu_order":0,"comment_status":"closed","ping_status":"closed","template":"","meta":{"footnotes":""},"class_list":["post-725","page","type-page","status-publish","hentry"],"yoast_head":"<!-- This site is optimized with the Yoast SEO plugin v27.2 - https:\/\/yoast.com\/product\/yoast-seo-wordpress\/ -->\n<title>Nota informativa - Cita previa ITV | Consell d&#039;Eivissa<\/title>\n<meta name=\"robots\" content=\"index, follow, max-snippet:-1, max-image-preview:large, max-video-preview:-1\" \/>\n<link rel=\"canonical\" href=\"http:\/\/itv.conselldeivissa.es\/ca\/nota-informativa\/\" \/>\n<meta property=\"og:locale\" content=\"ca_ES\" \/>\n<meta property=\"og:type\" content=\"article\" \/>\n<meta property=\"og:title\" content=\"Nota informativa - Cita previa ITV | Consell d&#039;Eivissa\" \/>\n<meta property=\"og:url\" content=\"http:\/\/itv.conselldeivissa.es\/ca\/nota-informativa\/\" \/>\n<meta property=\"og:site_name\" content=\"Cita previa ITV | Consell d&#039;Eivissa\" \/>\n<meta property=\"article:modified_time\" content=\"2020-05-25T09:54:33+00:00\" \/>\n<meta name=\"twitter:card\" content=\"summary_large_image\" \/>\n<meta name=\"twitter:label1\" content=\"Est. reading time\" \/>\n\t<meta name=\"twitter:data1\" content=\"4 minutes\" \/>\n<script type=\"application\/ld+json\" class=\"yoast-schema-graph\">{\"@context\":\"https:\/\/schema.org\",\"@graph\":[{\"@type\":\"WebPage\",\"@id\":\"http:\/\/itv.conselldeivissa.es\/ca\/nota-informativa\/\",\"url\":\"http:\/\/itv.conselldeivissa.es\/ca\/nota-informativa\/\",\"name\":\"Nota informativa - Cita previa ITV | Consell d&#039;Eivissa\",\"isPartOf\":{\"@id\":\"https:\/\/itv.conselldeivissa.es\/ca\/#website\"},\"datePublished\":\"2020-05-24T10:54:55+00:00\",\"dateModified\":\"2020-05-25T09:54:33+00:00\",\"breadcrumb\":{\"@id\":\"http:\/\/itv.conselldeivissa.es\/ca\/nota-informativa\/#breadcrumb\"},\"inLanguage\":\"ca-ES\",\"potentialAction\":[{\"@type\":\"ReadAction\",\"target\":[\"http:\/\/itv.conselldeivissa.es\/ca\/nota-informativa\/\"]}]},{\"@type\":\"BreadcrumbList\",\"@id\":\"http:\/\/itv.conselldeivissa.es\/ca\/nota-informativa\/#breadcrumb\",\"itemListElement\":[{\"@type\":\"ListItem\",\"position\":1,\"name\":\"Portada\",\"item\":\"http:\/\/itv.conselldeivissa.es\/ca\/\"},{\"@type\":\"ListItem\",\"position\":2,\"name\":\"Nota informativa\"}]},{\"@type\":\"WebSite\",\"@id\":\"https:\/\/itv.conselldeivissa.es\/ca\/#website\",\"url\":\"https:\/\/itv.conselldeivissa.es\/ca\/\",\"name\":\"Cita previa ITV | Consell d&#039;Eivissa\",\"description\":\"Inspecci\u00f3 T\u00e8cnica de Vehicles a Eivissa\",\"potentialAction\":[{\"@type\":\"SearchAction\",\"target\":{\"@type\":\"EntryPoint\",\"urlTemplate\":\"https:\/\/itv.conselldeivissa.es\/ca\/?s={search_term_string}\"},\"query-input\":{\"@type\":\"PropertyValueSpecification\",\"valueRequired\":true,\"valueName\":\"search_term_string\"}}],\"inLanguage\":\"ca-ES\"}]}<\/script>\n<!-- \/ Yoast SEO plugin. -->","yoast_head_json":{"title":"Nota informativa - Cita previa ITV | Consell d&#039;Eivissa","robots":{"index":"index","follow":"follow","max-snippet":"max-snippet:-1","max-image-preview":"max-image-preview:large","max-video-preview":"max-video-preview:-1"},"canonical":"http:\/\/itv.conselldeivissa.es\/ca\/nota-informativa\/","og_locale":"ca_ES","og_type":"article","og_title":"Nota informativa - Cita previa ITV | Consell d&#039;Eivissa","og_url":"http:\/\/itv.conselldeivissa.es\/ca\/nota-informativa\/","og_site_name":"Cita previa ITV | Consell d&#039;Eivissa","article_modified_time":"2020-05-25T09:54:33+00:00","twitter_card":"summary_large_image","twitter_misc":{"Est. reading time":"4 minutes"},"schema":{"@context":"https:\/\/schema.org","@graph":[{"@type":"WebPage","@id":"http:\/\/itv.conselldeivissa.es\/ca\/nota-informativa\/","url":"http:\/\/itv.conselldeivissa.es\/ca\/nota-informativa\/","name":"Nota informativa - Cita previa ITV | Consell d&#039;Eivissa","isPartOf":{"@id":"https:\/\/itv.conselldeivissa.es\/ca\/#website"},"datePublished":"2020-05-24T10:54:55+00:00","dateModified":"2020-05-25T09:54:33+00:00","breadcrumb":{"@id":"http:\/\/itv.conselldeivissa.es\/ca\/nota-informativa\/#breadcrumb"},"inLanguage":"ca-ES","potentialAction":[{"@type":"ReadAction","target":["http:\/\/itv.conselldeivissa.es\/ca\/nota-informativa\/"]}]},{"@type":"BreadcrumbList","@id":"http:\/\/itv.conselldeivissa.es\/ca\/nota-informativa\/#breadcrumb","itemListElement":[{"@type":"ListItem","position":1,"name":"Portada","item":"http:\/\/itv.conselldeivissa.es\/ca\/"},{"@type":"ListItem","position":2,"name":"Nota informativa"}]},{"@type":"WebSite","@id":"https:\/\/itv.conselldeivissa.es\/ca\/#website","url":"https:\/\/itv.conselldeivissa.es\/ca\/","name":"Cita previa ITV | Consell d&#039;Eivissa","description":"Inspecci\u00f3 T\u00e8cnica de Vehicles a Eivissa","potentialAction":[{"@type":"SearchAction","target":{"@type":"EntryPoint","urlTemplate":"https:\/\/itv.conselldeivissa.es\/ca\/?s={search_term_string}"},"query-input":{"@type":"PropertyValueSpecification","valueRequired":true,"valueName":"search_term_string"}}],"inLanguage":"ca-ES"}]}},"_links":{"self":[{"href":"http:\/\/itv.conselldeivissa.es\/ca\/wp-json\/wp\/v2\/pages\/725","targetHints":{"allow":["GET"]}}],"collection":[{"href":"http:\/\/itv.conselldeivissa.es\/ca\/wp-json\/wp\/v2\/pages"}],"about":[{"href":"http:\/\/itv.conselldeivissa.es\/ca\/wp-json\/wp\/v2\/types\/page"}],"author":[{"embeddable":true,"href":"http:\/\/itv.conselldeivissa.es\/ca\/wp-json\/wp\/v2\/users\/1"}],"replies":[{"embeddable":true,"href":"http:\/\/itv.conselldeivissa.es\/ca\/wp-json\/wp\/v2\/comments?post=725"}],"version-history":[{"count":5,"href":"http:\/\/itv.conselldeivissa.es\/ca\/wp-json\/wp\/v2\/pages\/725\/revisions"}],"predecessor-version":[{"id":739,"href":"http:\/\/itv.conselldeivissa.es\/ca\/wp-json\/wp\/v2\/pages\/725\/revisions\/739"}],"wp:attachment":[{"href":"http:\/\/itv.conselldeivissa.es\/ca\/wp-json\/wp\/v2\/media?parent=725"}],"curies":[{"name":"wp","href":"https:\/\/api.w.org\/{rel}","templated":true}]}}

<style type="text/css" data-created_by="avia_inline_auto" id="style-css-av-k5o81hgq-f9f939eddcb0cc8692770aa7cb3c18ff">
.avia-section.av-k5o81hgq-f9f939eddcb0cc8692770aa7cb3c18ff{
background-repeat:no-repeat;
background-image:url(http://itv.conselldeivissa.es/wp-content/uploads/fondocita04.jpg);
background-position:0% 0%;
background-attachment:scroll;
}
</style>
<div id='av_section_1'  class='avia-section av-k5o81hgq-f9f939eddcb0cc8692770aa7cb3c18ff main_color avia-section-default avia-no-border-styling  avia-builder-el-0  el_before_av_one_full  avia-builder-el-first  portada avia-bg-style-scroll av-minimum-height av-minimum-height-custom av-height-custom  container_wrap sidebar_right'  data-section-bg-repeat='no-repeat' data-av_minimum_height_px='400'><div class='container av-section-cont-open' style='height:400px'><main  role="main" itemprop="mainContentOfPage"  class='template-page content  av-content-small alpha units'><div class='post-entry post-entry-type-page post-entry-725'><div class='entry-content-wrapper clearfix'>
<style type="text/css" data-created_by="avia_inline_auto" id="style-css-av-ka2bqoo2-4aedf436466450d15de750a8ed45bc23">
#top .av-special-heading.av-ka2bqoo2-4aedf436466450d15de750a8ed45bc23{
padding-bottom:10px;
}
body .av-special-heading.av-ka2bqoo2-4aedf436466450d15de750a8ed45bc23 .av-special-heading-tag .heading-char{
font-size:25px;
}
.av-special-heading.av-ka2bqoo2-4aedf436466450d15de750a8ed45bc23 .av-subheading{
font-size:15px;
}
</style>
<div  class='av-special-heading av-ka2bqoo2-4aedf436466450d15de750a8ed45bc23 av-special-heading-h1 blockquote modern-quote  avia-builder-el-1  avia-builder-el-no-sibling  av-linked-heading'><h1 class='av-special-heading-tag '  itemprop="headline"  >Nota informativa</h1><div class="special-heading-border"><div class="special-heading-inner-border"></div></div></div></div></div></main><!-- close content main element --></div></div><div id='after_section_1'  class='main_color av_default_container_wrap container_wrap sidebar_right'  ><div class='container av-section-cont-open' ><div class='template-page content  av-content-small alpha units'><div class='post-entry post-entry-type-page post-entry-725'><div class='entry-content-wrapper clearfix'>

<style type="text/css" data-created_by="avia_inline_auto" id="style-css-av-k5jj3hl3-7214b75b20bbe232ac52f3a734add476">
.flex_column.av-k5jj3hl3-7214b75b20bbe232ac52f3a734add476{
border-radius:0px 0px 0px 0px;
padding:0px 0px 0px 0px;
}
</style>
<div  class='flex_column av-k5jj3hl3-7214b75b20bbe232ac52f3a734add476 av_one_full  avia-builder-el-2  el_after_av_section  avia-builder-el-no-sibling  privacidad first flex_column_div av-zero-column-padding  '     ><section  class='av_textblock_section av-k5jizjej-fb21cc06a3f40db9499a51975d15eeab '   itemscope="itemscope" itemtype="https://schema.org/CreativeWork" ><div class='avia_textblock'  itemprop="text" ><blockquote>
<p>En compliment Ordre SND / 399/2020, DE 9 DE MAIG DE 2020, s&#8217;informa que a partir del dilluns 11 de maig el servei d&#8217;ITV torna a funcionar, <strong>exclusivament amb cita prèvia</strong>.</p>
</blockquote>
<div>
<p>Els vehicles que estiguin pendents de passar una <strong>segona inspecció</strong> disposaran d’un termini de 2 mesos a partir de dilluns 11 de maig per passar-la i en compliment de l’Ordre Ministerial de Sanitat, també requeriran de cita prèvia.</p>
</div>
<div>
<p>S’informa que per poder passar inspecció s’haurà de complir el següent <strong>protocol</strong>:</p>
</div>
<div>
<ul>
<li>Màxim una persona per vehicle.</li>
<li>Control de temperatura a l’entrada de l’estació.</li>
<li>Obligatori el ús de <strong>mascareta</strong>.</li>
<li>S’haurà de tenir a mà document identificatiu, permís de circulació i fitxa tècnica originals.</li>
<li>Recomanable el pagament de taxes amb <strong>targeta de crèdit</strong> 7 débit. Preferiblement <strong>contactless</strong>.</li>
<li>Guardar distància de seguretat de 2 metres amb la resta d’usuaris a l’realitzar cua abans d’entrar a les oficines i higienització amb gel desinfectant.</li>
</ul>
</div>
<div>
<p>Segons l’Ordre SND/325/2020, de 6 d’abril es prorroga la validesa de les inspeccions obligatòries que hagin caducat durant l’estat d’alarma:</p>
</div>
<div>
<ul>
<li>Setmana 1 (del 14 a 20 de març): 30 dies hàbils més 15 dies addicionals.</li>
<li>Setmana 2 (del 21 a 27 de març): 30 dies hàbils més dos períodes de 15 dies.</li>
<li>Setmana 3 (del 28 de març a 3 d’abril): 30 dies hàbils més tres períodes de 15 dies.</li>
<li>Setmana ‘n’: 30 dies hàbils més ‘n’ períodes de 15 dies.</li>
</ul>
</div>
<div>
<p>Els anteriors períodes no s’aplicaran a la validesa dels certificats d’inspecció tècnica periòdica dels vehicles agrícoles destinats a labors en el camp, que serà prorrogada fins al 10 de novembre de 2020.</p>
</div>
<div>
<p>Una vegada realitzades les inspeccions tècniques periòdiques dels vehicles que els seus certificats hagin estat objecte de pròrroga automàtica, es prendrà com a referència la data de validesa que consti en la targeta ITV i no computarà, en cap cas, la pròrroga dels certificats concedida a conseqüència de la declaració de l’estat d’alarma i de les seves successives pròrrogues.</p>
</div>
</div></section></div>

<!-- This site is optimized with the Yoast SEO plugin v27.2 - https://yoast.com/product/yoast-seo-wordpress/ -->
<title>Nota informativa - Cita previa ITV | Consell d&#039;Eivissa</title>
<meta name="robots" content="index, follow, max-snippet:-1, max-image-preview:large, max-video-preview:-1" />
<link rel="canonical" href="http://itv.conselldeivissa.es/ca/nota-informativa/" />
<meta property="og:locale" content="ca_ES" />
<meta property="og:type" content="article" />
<meta property="og:title" content="Nota informativa - Cita previa ITV | Consell d&#039;Eivissa" />
<meta property="og:url" content="http://itv.conselldeivissa.es/ca/nota-informativa/" />
<meta property="og:site_name" content="Cita previa ITV | Consell d&#039;Eivissa" />
<meta property="article:modified_time" content="2020-05-25T09:54:33+00:00" />
<meta name="twitter:card" content="summary_large_image" />
<meta name="twitter:label1" content="Est. reading time" />
	<meta name="twitter:data1" content="4 minutes" />
<script type="application/ld+json" class="yoast-schema-graph">{"@context":"https://schema.org","@graph":[{"@type":"WebPage","@id":"http://itv.conselldeivissa.es/ca/nota-informativa/","url":"http://itv.conselldeivissa.es/ca/nota-informativa/","name":"Nota informativa - Cita previa ITV | Consell d&#039;Eivissa","isPartOf":{"@id":"https://itv.conselldeivissa.es/ca/#website"},"datePublished":"2020-05-24T10:54:55+00:00","dateModified":"2020-05-25T09:54:33+00:00","breadcrumb":{"@id":"http://itv.conselldeivissa.es/ca/nota-informativa/#breadcrumb"},"inLanguage":"ca-ES","potentialAction":[{"@type":"ReadAction","target":["http://itv.conselldeivissa.es/ca/nota-informativa/"]}]},{"@type":"BreadcrumbList","@id":"http://itv.conselldeivissa.es/ca/nota-informativa/#breadcrumb","itemListElement":[{"@type":"ListItem","position":1,"name":"Portada","item":"http://itv.conselldeivissa.es/ca/"},{"@type":"ListItem","position":2,"name":"Nota informativa"}]},{"@type":"WebSite","@id":"https://itv.conselldeivissa.es/ca/#website","url":"https://itv.conselldeivissa.es/ca/","name":"Cita previa ITV | Consell d&#039;Eivissa","description":"Inspecció Tècnica de Vehicles a Eivissa","potentialAction":[{"@type":"SearchAction","target":{"@type":"EntryPoint","urlTemplate":"https://itv.conselldeivissa.es/ca/?s={search_term_string}"},"query-input":{"@type":"PropertyValueSpecification","valueRequired":true,"valueName":"search_term_string"}}],"inLanguage":"ca-ES"}]}</script>
<!-- / Yoast SEO plugin. -->

Inspecció Tècnica de Vehicles a Eivissa
